{"id":5549,"date":"2020-10-21T17:41:57","date_gmt":"2020-10-21T15:41:57","guid":{"rendered":"https:\/\/sogetel.com\/affaires\/?page_id=5549"},"modified":"2023-06-06T16:40:24","modified_gmt":"2023-06-06T20:40:24","slug":"en-savoir-plus","status":"publish","type":"page","link":"https:\/\/sogetel.com\/affaires\/telephonie-ip\/en-savoir-plus","title":{"rendered":"En savoir plus sur la t\u00e9l\u00e9phonie IP h\u00e9berg\u00e9e"},"content":{"rendered":"","protected":false},"excerpt":{"rendered":"","protected":false},"author":1,"featured_media":0,"parent":6718,"menu_order":0,"comment_status":"closed","ping_status":"closed","template":"template-service.php","meta":[],"acf":[],"lang":"fr","translations":{"en":6302,"fr":5549},"pll_sync_post":[],"_links":{"self":[{"href":"https:\/\/sogetel.com\/affaires\/wp-json\/wp\/v2\/pages\/5549"}],"collection":[{"href":"https:\/\/sogetel.com\/affaires\/wp-json\/wp\/v2\/pages"}],"about":[{"href":"https:\/\/sogetel.com\/affaires\/wp-json\/wp\/v2\/types\/page"}],"author":[{"embeddable":true,"href":"https:\/\/sogetel.com\/affaires\/wp-json\/wp\/v2\/users\/1"}],"replies":[{"embeddable":true,"href":"https:\/\/sogetel.com\/affaires\/wp-json\/wp\/v2\/comments?post=5549"}],"version-history":[{"count":64,"href":"https:\/\/sogetel.com\/affaires\/wp-json\/wp\/v2\/pages\/5549\/revisions"}],"predecessor-version":[{"id":7036,"href":"https:\/\/sogetel.com\/affaires\/wp-json\/wp\/v2\/pages\/5549\/revisions\/7036"}],"up":[{"embeddable":true,"href":"https:\/\/sogetel.com\/affaires\/wp-json\/wp\/v2\/pages\/6718"}],"wp:attachment":[{"href":"https:\/\/sogetel.com\/affaires\/wp-json\/wp\/v2\/media?parent=5549"}],"curies":[{"name":"wp","href":"https:\/\/api.w.org\/{rel}","templated":true}]}}