{"id":6718,"date":"2022-02-03T18:29:26","date_gmt":"2022-02-03T17:29:26","guid":{"rendered":"https:\/\/sogetel.com\/affaires\/?page_id=6718"},"modified":"2025-03-19T10:30:23","modified_gmt":"2025-03-19T14:30:23","slug":"telephonie-ip","status":"publish","type":"page","link":"https:\/\/sogetel.com\/affaires\/telephonie-ip","title":{"rendered":"T\u00e9l\u00e9phonie IP h\u00e9berg\u00e9e"},"content":{"rendered":"","protected":false},"excerpt":{"rendered":"","protected":false},"author":1,"featured_media":0,"parent":0,"menu_order":0,"comment_status":"closed","ping_status":"closed","template":"template-telephonieip.php","meta":[],"acf":[],"lang":"fr","translations":{"en":6854,"fr":6718},"pll_sync_post":[],"_links":{"self":[{"href":"https:\/\/sogetel.com\/affaires\/wp-json\/wp\/v2\/pages\/6718"}],"collection":[{"href":"https:\/\/sogetel.com\/affaires\/wp-json\/wp\/v2\/pages"}],"about":[{"href":"https:\/\/sogetel.com\/affaires\/wp-json\/wp\/v2\/types\/page"}],"author":[{"embeddable":true,"href":"https:\/\/sogetel.com\/affaires\/wp-json\/wp\/v2\/users\/1"}],"replies":[{"embeddable":true,"href":"https:\/\/sogetel.com\/affaires\/wp-json\/wp\/v2\/comments?post=6718"}],"version-history":[{"count":23,"href":"https:\/\/sogetel.com\/affaires\/wp-json\/wp\/v2\/pages\/6718\/revisions"}],"predecessor-version":[{"id":7837,"href":"https:\/\/sogetel.com\/affaires\/wp-json\/wp\/v2\/pages\/6718\/revisions\/7837"}],"wp:attachment":[{"href":"https:\/\/sogetel.com\/affaires\/wp-json\/wp\/v2\/media?parent=6718"}],"curies":[{"name":"wp","href":"https:\/\/api.w.org\/{rel}","templated":true}]}}